0 and o?
8
Let f(b) = b + 13. Let p(m) = -2*m**2 - 6*m + 2. Let v be p(-4). Let x = v - -6. Let q be f(x). What is the highest common factor of 143 and q?
13
Let n(p) = -p**3 - 34*p**2 + 35*p + 48. Let h be n(-35). What is the greatest common factor of h and 112?
16
Let q = 195 + -93. Let p = 20 - 3. What is the highest common factor of p and q?
17
Suppose q = -2*t + 7*t + 29, -q + 3*t + 23 = 0. Let n = -5 + q. Let z be 9/12 - 66/(-8). Calculate the greatest common factor of n and z.
9
Let w(i) = 4*i - 14. Let t be w(10). Let l = 55 - 37. Let j be (2 - t)*(-42)/l. What is the highest common divisor of 8 and j?
8
Suppose -168 = -z - 33. Let b = 227 - 212. Calculate the greatest common factor of b and z.
15
Suppose 12 = 2*h - 4. What is the greatest common divisor of h and 36?
4
Let u(m) = -41*m**3 - m**2 - m. Let x be u(-1). Let v = -21 - -34. Let n = v + x. Calculate the highest common divisor of 36 and n.
18
Suppose 0 = -m - 6*m + 91. Let k be -4 + 0 - m*-1. Let q = -4 + 7. What is the highest common factor of q and k?
3
Suppose 0 = i - 3*i + 4. Let y be 75/1 - (-5)/10*i. What is the highest common divisor of 19 and y?
19
Let y be ((-10)/(-4))/((-6)/12). Let g be (y - 4)*50/(-6). Suppose 5*s + 0*s - g = 0. What is the highest common divisor of 105 and s?
15
Let p(b) = 2*b**2 + 6*b - 12. Suppose -5*v - 22 = -0*v - 4*j, 2*j = -4. Let h be p(v). What is the highest common factor of h and 24?
24
Let l = 24 + -20. Suppose l = 4*f - 8. Let a be -2*((-14)/4 + -1). Calculate the highest common divisor of a and f.
3
Let q(g) = 3 - g - 8*g + 2*g + 8*g. Let n be q(0). Let w be 75/6 - n/(-2). Calculate the greatest common divisor of 7 and w.
7
Let a be (8/20)/(3/30). Suppose 0*m - 20 = -a*m. Suppose 10*l - 345 = 5. What is the greatest common factor of l and m?
5
Let d(k) = -k - 5. Let s be d(-3). Let a = 5 + s. Suppose 35 = -5*t - 3*r + 176, a*t + r - 83 = 0. What is the greatest common divisor of 27 and t?
27
Suppose -5*n + 9 = -11. Suppose -2*p + 29 = 3*m, -n*p = -p - 2*m - 11. Suppose -p*o = -188 - 316. What is the highest common divisor of 12 and o?
12
Let u(l) = l**2 + 14*l + 26. Let z be u(-12). Let k be (-3)/12 - 33/(-4). Suppose -3*a - z = -k. What is the greatest common divisor of 5 and a?
1
Let t(q) = -q**2 + 2*q + 4. Let j be t(3). Let y be j/1*0 + 31. Suppose -4*c + y = -65. Calculate the greatest common divisor of 6 and c.
6
Suppose 0 = 2*n - 4*n + 82. Let s = n - 39. Let c(f) = 3*f**2 + 1. Let d be c(-1). What is the greatest common factor of s and d?
2
Let t(s) = 7*s**3 - 22*s**2 + 80*s - 3. Let q be t(6). What is the greatest common divisor of 63 and q?
63
Let f(z) = -z**3 - 12*z**2 - 3*z + 4. Let a be f(-12). Let t be (-4)/((-12)/3 - (-316)/80). What is the highest common factor of a and t?
40
Let b(n) = 2*n**2 + 16*n - 157. Let s be b(-16). What is the highest common divisor of s and 330?
33
Let f = -139 - -400. Calculate the greatest common divisor of 174 and f.
87
Suppose -680 = -71*o + 67*o - t, -155 = -o - 4*t. Calculate the highest common divisor of 133 and o.
19
Suppose 0 = -7*h + 197 - 50. Calculate the highest common factor of h and 336.
21
Let i be 0*((-1)/3 - 0). Suppose p + 3*p - 72 = i. Calculate the highest common factor of 126 and p.
18
Let p = -2 + 18. Let m(y) = 1. Let t(q) = 7*q + 10. Let h(d) = -m(d) - t(d). Let x be h(-5). What is the greatest common factor of p and x?
8
Suppose 0 = -a + 5*k + 27, -2*a + 19 = -5*a - 5*k. Let l be 5/5*(a - -16). Let y be (-6190)/(-90) + 4/l. Calculate the highest common divisor of 46 and y.
23
Let k(r) = -r**2 - 40*r - 345. Let n be k(-24). Suppose 25 = -5*x + 220. Calculate the highest common factor of n and x.
39
Let t(l) = 42*l**2 - l + 3. Let c be 4/5 - (-3)/15. Let d be t(c). Calculate the greatest common divisor of 11 and d.
11
Suppose 47*f = 125 + 6643. Let t(g) = 47*g**3 + 3*g**2 - 2*g. Let r be t(1). Calculate the highest common divisor of f and r.
48
Let z = 132 - 136. Let a be -15*(-6)/z*(28 - 30). Calculate the highest common factor of 30 and a.
15
Let v = 9 - 5. Suppose -v*s - 3*d - 55 = 0, 3*s + 4*d + 49 = 6. Let q = s + 17. What is the greatest common factor of q and 44?
4
Let b(u) = u**3 + 23*u**2 + 92*u + 28. Let w be b(-11). Calculate the highest common divisor of 13 and w.
13
Suppose -2 = c + 1. Let m(n) = -2*n**3 + 3*n**2 - n + 3. Let f be m(c). Let u = 204 + -146. Calculate the greatest common factor of f and u.
29
Suppose 4*r = p + 162, -4*p + 32 = -3*r + 4*r. Let u(k) = 3*k**3 + k**2 - 2*k. Let s be u(4). Calculate the highest common divisor of s and r.
40
Suppose 0 = -78*q + 84*q - 192. Calculate the greatest common divisor of 2 and q.
2
Let c(i) = -9*i**3 - 3*i**2 + 14*i + 32. Let w be c(-2). What is the highest common divisor of w and 32?
32
Suppose -2*f + 16 = -f. Suppose 0*i + 709 = 3*i - 2*w, -2*i + 480 = -5*w. Let m = i - 155. What is the greatest common divisor of f and m?
16
Suppose -2*a + 3*c + 36 = 0, 5*a + 5*c = 40 + 100. Suppose v = -4*h + 36, 3*v + 0*h - 95 = h. Calculate the greatest common factor of v and a.
8
Suppose -64 = 5*h + 2*n + n, -h + 4*n + 1 = 0. Let t = h + 21. Suppose 0*s = s - t. Calculate the highest common divisor of 70 and s.
10
Suppose p + x = 6*x + 38, 0 = 3*p - x - 58. Suppose -2*r + 17 = m, 2*r + 0*m = -3*m + 27. What is the greatest common divisor of p and r?
6
Let w(m) = -m**3 - 36*m**2 - 41*m - 57. Let d be w(-35). Calculate the highest common factor of 119 and d.
17
Suppose 2*o + 16 = 6*o. Suppose -2*g = o*p - g - 57, 2*g - 58 = -4*p. Suppose -4*v = -22 - 6. What is the highest common divisor of p and v?
7
Let j(i) = -i**2 - 3*i + 1. Let h be j(-6). Suppose 4*n + 153 = 5*x - 0*n, -x = -5*n - 39. Let t = x + h. Calculate the highest common factor of 96 and t.
12
Suppose 5*c + 4*i = 176, c = -2*i + 31 + 9. Calculate the highest common divisor of 4 and c.
4
Let j(m) = 221*m - 12. Let v be j(8). Suppose 4*u + 5*b = -1115, -v = 5*u + 3*b - 346. Let o = u + 461. Calculate the highest common factor of 16 and o.
16
Suppose -4*y + 3*g = -27, -y + 9 = -4*g - 1. Suppose 0*r + 87 = 2*w + 3*r, 3*w - 124 = 2*r. Calculate the highest common divisor of y and w.
6
Suppose 3*b = 4*o - 13, 4*o + 0*o - 19 = -3*b. Let j be (-114)/o*14/(-21). Let k = 29 - j. Calculate the greatest common factor of k and 15.
5
Let d be (-2)/((-4)/28*1). Let l be ((-6)/(-21))/(2/d). Suppose l*y = -6 + 46. What is the greatest common factor of y and 10?
10
Let n(m) be the first derivative of 5*m**3/3 - m**2 + 5*m + 25. Let b be n(4). Calculate the highest common divisor of 7 and b.
7
Let o = 478 - 465. Calculate the highest common factor of 13 and o.
13
Let f be -3 + (-4 - (-7 - 4)). Let z be (-1)/f - 541/(-4). What is the highest common divisor of 54 and z?
27
Let m(p) = p + 11. Let j be m(10). Let a = -10 - -11. Let d(w) = 2*w**2 + 2*w - 1. Let k be d(a). Calculate the greatest common divisor of j and k.
3
Let h be (69/15 - 1)/(5/25). Suppose 0 = h*s - 16*s - 12. Calculate the highest common factor of 1 and s.
1
Suppose 4*w + 4 = 0, l - w = 26 - 9. What is the greatest common factor of l and 16?
16
Let c(m) = 46*m**2 + 2. Let r be c(2). Let o = r + -96. Calculate the greatest common divisor of o and 36.
18
Let z be (11 + -12)*-1*5. Let d(m) = m**2 - m - 7. Let l be d(z). Suppose 4*p + s = 515, -4*p + 5*s + 525 = 4*s. What is the highest common divisor of l and p?
13
Suppose -5*d = 4*v - d - 1648, -4*v + 2*d + 1624 = 0. Calculate the highest common factor of v and 24.
24
Let p = 347 + -342. Calculate the greatest common divisor of 4 and p.
1
Let w be 1765/20 - 5/20. Let g be ((-22)/w)/((-1)/(12 - 0)). What is the greatest common factor of 5 and g?
1
Let y(z) = 2*z**2 - z + 4. Let x be y(-4). Let r be (x/3)/(5/90). Suppose -2*n - 2*p = -r + 86, 62 = n - 2*p. What is the greatest common divisor of n and 8?
8
Suppose -4*c + 16 + 32 = 0. Let l be (-2*4)/(6/(-39)). Let i = l + -28. Calculate the greatest common factor of c and i.
12
Let r = 125 + -67. What is the greatest common divisor of r and 2?
2
Let u = -2380 - -2389. Calculate the greatest common factor of u and 18.
9
Suppose -213*b - 680 = -215*b. What is the highest common divisor of b and 136?
68
Suppose -2*h - 1121 = -4*t - h, 842 = 3*t - h. Suppose -r - 8*r = -t. What is the highest common factor of 27